{"id":855,"date":"2022-11-29T12:53:04","date_gmt":"2022-11-29T12:53:04","guid":{"rendered":"https:\/\/hapiakillisu.com\/?post_type=product&#038;p=855"},"modified":"2025-06-18T10:07:30","modified_gmt":"2025-06-18T10:07:30","slug":"manna-krem-cuha-gumus-manna","status":"publish","type":"product","link":"https:\/\/hapiakillisu.com\/index.php\/product\/manna-krem-cuha-gumus-manna\/","title":{"rendered":"Manna Krem -Cuha G\u00fcm\u00fc\u015f Manna-"},"content":{"rendered":"<p>\u00dcr\u00fcn\u00fcm\u00fcz,\u00a0<strong>FDA<\/strong>\u00a0onayl\u0131d\u0131r.<\/p>\n<p><img loading=\"lazy\" decoding=\"async\" class=\"alignnone size-full wp-image-829\" src=\"https:\/\/hapiakillisu.com\/wp-content\/uploads\/2016\/08\/fda-124x146-1.png\" alt=\"\" width=\"124\" height=\"146\" \/><\/p>\n<p><em><strong>Y<\/strong><\/em><em><strong>asal Sorumluluk Reddi<\/strong><\/em><br \/>\n<em>*Bu ifadeler G\u0131da ve ila\u00e7 Dairesi taraf\u0131ndan de\u011ferlendirilmemi\u015ftir. Bu \u00fcr\u00fcnler herhangi bir hastal\u0131\u011f\u0131 te\u015fhis etmek, tedavi etmek, iyile\u015ftirmek, hafifletmek veya \u00f6nlemek i\u00e7in tasarlanmam\u0131\u015ft\u0131r.<\/em><\/p>\n","protected":false},"excerpt":{"rendered":"<ul>\n<li>50 ml gr Manna Kremi ,<\/li>\n<li>Cuha, \u00e7icek \u00f6zleri, farkl\u0131 elementler i\u00e7erir<\/li>\n<li>Vir\u00fcsleri yok eder ve \u00e7o\u011falmas\u0131n\u0131 engeller.<\/li>\n<li>500\u2019\u00fc ge\u00e7kin bakterinin zararl\u0131 yap\u0131s\u0131n\u0131 bozarak yok edebilir.<\/li>\n<li>Sedef, \u015feker, egzama, ka\u015f\u0131nt\u0131, ayak k\u00f6t\u00fc kokusu gibi bir \u00e7ok rahats\u0131zl\u0131\u011fa da iyi gelir.<\/li>\n<\/ul>\n","protected":false},"featured_media":859,"comment_status":"open","ping_status":"closed","template":"","meta":[],"product_cat":[75],"product_tag":[76,94,78,72,79,80],"class_list":["post-855","product","type-product","status-publish","has-post-thumbnail","hentry","product_cat-manna-krem","product_tag-cilt-lekeleri","product_tag-cuha","product_tag-eklem-rahatsizliklari","product_tag-fda-onaylidir","product_tag-manna-kremi","product_tag-migren","product_shipping_class-europe"],"_links":{"self":[{"href":"https:\/\/hapiakillisu.com\/index.php\/wp-json\/wp\/v2\/product\/855","targetHints":{"allow":["GET"]}}],"collection":[{"href":"https:\/\/hapiakillisu.com\/index.php\/wp-json\/wp\/v2\/product"}],"about":[{"href":"https:\/\/hapiakillisu.com\/index.php\/wp-json\/wp\/v2\/types\/product"}],"replies":[{"embeddable":true,"href":"https:\/\/hapiakillisu.com\/index.php\/wp-json\/wp\/v2\/comments?post=855"}],"wp:featuredmedia":[{"embeddable":true,"href":"https:\/\/hapiakillisu.com\/index.php\/wp-json\/wp\/v2\/media\/859"}],"wp:attachment":[{"href":"https:\/\/hapiakillisu.com\/index.php\/wp-json\/wp\/v2\/media?parent=855"}],"wp:term":[{"taxonomy":"product_cat","embeddable":true,"href":"https:\/\/hapiakillisu.com\/index.php\/wp-json\/wp\/v2\/product_cat?post=855"},{"taxonomy":"product_tag","embeddable":true,"href":"https:\/\/hapiakillisu.com\/index.php\/wp-json\/wp\/v2\/product_tag?post=855"}],"curies":[{"name":"wp","href":"https:\/\/api.w.org\/{rel}","templated":true}]}}